{"id":445,"date":"2023-11-03T02:44:37","date_gmt":"2023-11-03T05:44:37","guid":{"rendered":"https:\/\/marianarangel.com\/?page_id=445"},"modified":"2023-11-03T02:44:39","modified_gmt":"2023-11-03T05:44:39","slug":"politica-de-entrega","status":"publish","type":"page","link":"https:\/\/marianarangel.com\/index.php\/politica-de-entrega\/","title":{"rendered":"Pol\u00edtica de Entrega"},"content":{"rendered":"\n<p>Mariana Rangel, especializada em Life Coach &amp; Psican\u00e1lise Qu\u00e2ntica, est\u00e1 comprometida em fornecer servi\u00e7os de alta qualidade aos seus clientes, independentemente de serem presenciais ou online. Esta Pol\u00edtica de Entrega descreve suas pr\u00e1ticas em rela\u00e7\u00e3o \u00e0 entrega de servi\u00e7os online e presenciais. Ao utilizar o nosso site e nossos servi\u00e7os, voc\u00ea concorda com as pr\u00e1ticas descritas nesta pol\u00edtica.<\/p>\n\n\n\n<p><strong>Servi\u00e7os Online:<\/strong><\/p>\n\n\n\n<p>Mariana Rangel oferece planos de mentoria de Life Coaching e Psican\u00e1lise Qu\u00e2ntica online, realizadas por meio de videochamadas ou outras plataformas de comunica\u00e7\u00e3o digital. Ap\u00f3s a confirma\u00e7\u00e3o do pagamento, entraremos em contato para agendar o seu plano de mentoria em um hor\u00e1rio conveniente para voc\u00ea. Garantimos pontualidade e profissionalismo durante todas as sess\u00f5es de mentoria online.<\/p>\n\n\n\n<p><strong>Servi\u00e7os Presenciais:<\/strong><\/p>\n\n\n\n<p>Caso voc\u00ea opte por mentorias presenciais, a localiza\u00e7\u00e3o exata do encontro ser\u00e1 combinada durante o processo de agendamento. As mentorias presenciais ser\u00e3o realizadas em um ambiente seguro e adequado para proporcionar um espa\u00e7o de confian\u00e7a e conforto.<\/p>\n\n\n\n<p><strong>Pol\u00edtica de Agendamento:<\/strong><\/p>\n\n\n\n<p>Para agendar sua mentoria, voc\u00ea pode entrar em contato por telefone ou e-mail. Ap\u00f3s o pagamento ser confirmado, trabalharemos em conjunto para encontrar um hor\u00e1rio que seja conveniente para ambas as partes. Faremos o poss\u00edvel para acomodar suas prefer\u00eancias de hor\u00e1rio.<\/p>\n\n\n\n<p><strong>Pol\u00edtica de Cancelamento e Reagendamento:<\/strong><\/p>\n\n\n\n<p>Entendemos que imprevistos podem acontecer. Caso voc\u00ea precise cancelar ou reagendar uma sess\u00e3o de mentoria, pedimos que nos avise com pelo menos 24 horas de anteced\u00eancia. Se voc\u00ea cancelar com menos de 24 horas de anteced\u00eancia, a sess\u00e3o ser\u00e1 considerada realizada e n\u00e3o haver\u00e1 reembolso. No entanto, realizamos o reagendamento sem burocracia.<\/p>\n\n\n\n<p><strong>Contato:<\/strong><\/p>\n\n\n\n<p>Para agendar sua mentoria, reagendar ou para esclarecer d\u00favidas sobre a Pol\u00edtica de Entrega, entre em contato em:<\/p>\n\n\n\n<p>contato@marianarangel.com &#8211; +55 (27) 99726-3185<\/p>\n\n\n\n<p>Agradecemos por escolher a Life Coach &amp; Psicanalista Qu\u00e2ntica Mariana Rangel, como sua Mentora e Treinadora Mental. Ela \u00e9 entusiasmada para ajud\u00e1-lo(a) em seu caminho de autodescoberta, crescimento pessoal e\/ou profissional e bem-estar espiritual, emocional e f\u00edsico.<\/p>\n","protected":false},"excerpt":{"rendered":"<p>Mariana Rangel, especializada em Life Coach &amp; Psican\u00e1lise Qu\u00e2ntica, est\u00e1 comprometida em fornecer servi\u00e7os de alta qualidade aos seus clientes, independentemente de serem presenciais ou online. Esta Pol\u00edtica de Entrega descreve suas pr\u00e1ticas em rela\u00e7\u00e3o \u00e0 entrega de servi\u00e7os online e presenciais. Ao utilizar o nosso site e nossos servi\u00e7os,<span class=\"more-link\"><a href=\"https:\/\/marianarangel.com\/index.php\/politica-de-entrega\/\">Continue Reading<\/a><\/span><\/p>\n","protected":false},"author":1,"featured_media":0,"parent":0,"menu_order":0,"comment_status":"closed","ping_status":"closed","template":"","meta":{"om_disable_all_campaigns":false,"sfsi_plus_gutenberg_text_before_share":"","sfsi_plus_gutenberg_show_text_before_share":"","sfsi_plus_gutenberg_icon_type":"","sfsi_plus_gutenberg_icon_alignemt":"","sfsi_plus_gutenburg_max_per_row":"","_monsterinsights_skip_tracking":false,"_monsterinsights_sitenote_active":false,"_monsterinsights_sitenote_note":"","_monsterinsights_sitenote_category":0,"footnotes":""},"class_list":["entry","author-marianamrrangel","post-445","page","type-page","status-publish"],"aioseo_notices":[],"jetpack_sharing_enabled":true,"_links":{"self":[{"href":"https:\/\/marianarangel.com\/index.php\/wp-json\/wp\/v2\/pages\/445","targetHints":{"allow":["GET"]}}],"collection":[{"href":"https:\/\/marianarangel.com\/index.php\/wp-json\/wp\/v2\/pages"}],"about":[{"href":"https:\/\/marianarangel.com\/index.php\/wp-json\/wp\/v2\/types\/page"}],"author":[{"embeddable":true,"href":"https:\/\/marianarangel.com\/index.php\/wp-json\/wp\/v2\/users\/1"}],"replies":[{"embeddable":true,"href":"https:\/\/marianarangel.com\/index.php\/wp-json\/wp\/v2\/comments?post=445"}],"version-history":[{"count":1,"href":"https:\/\/marianarangel.com\/index.php\/wp-json\/wp\/v2\/pages\/445\/revisions"}],"predecessor-version":[{"id":447,"href":"https:\/\/marianarangel.com\/index.php\/wp-json\/wp\/v2\/pages\/445\/revisions\/447"}],"wp:attachment":[{"href":"https:\/\/marianarangel.com\/index.php\/wp-json\/wp\/v2\/media?parent=445"}],"curies":[{"name":"wp","href":"https:\/\/api.w.org\/{rel}","templated":true}]}}